 the prime factors of 738189?
3, 82021
List the prime factors of 3902999.
19, 205421
What are the prime factors of 3854574?
2, 3, 41, 1741
What are the prime factors of 13803149?
83, 166303
What are the prime factors of 1047412?
2, 401, 653
What are the prime factors of 2626202?
2, 101, 13001
List the prime factors of 38971.
38971
List the prime factors of 5073422.
2, 41, 61871
What are the prime factors of 760050?
2, 3, 5, 563
What are the prime factors of 9688307?
1031, 9397
What are the prime factors of 8266535?
5, 43, 38449
List the prime factors of 5532251.
43, 128657
What are the prime factors of 23889291?
3, 89, 131, 683
What are the prime factors of 288741?
3, 109, 883
List the prime factors of 1668231.
3, 185359
List the prime factors of 484352.
2, 11, 43
What are the prime factors of 9082763?
281, 32323
List the prime factors of 1348706.
2, 89, 7577
What are the prime factors of 898459?
898459
List the prime factors of 9738399.
3, 11, 17, 17359
What are the prime factors of 146988?
2, 3, 1361
What are the prime factors of 670766?
2, 335383
List the prime factors of 90392.
2, 11299
List the prime factors of 359568.
2, 3, 11, 227
List the prime factors of 1978552.
2, 23, 10753
What are the prime factors of 1755517?
1755517
List the prime factors of 14184749.
17, 163, 5119
List the prime factors of 3330724.
2, 832681
List the prime factors of 16138757.
211, 76487
List the prime factors of 14730.
2, 3, 5, 491
List the prime factors of 399733.
61, 6553
What are the prime factors of 415468?
2, 103867
List the prime factors of 288068.
2, 11, 6547
List the prime factors of 454574.
2, 167, 1361
List the prime factors of 1034519.
109, 9491
What are the prime factors of 522238?
2, 23, 11353
List the prime factors of 1108403.
19, 58337
What are the prime factors of 13475629?
2447, 5507
What are the prime factors of 2126778?
2, 3, 354463
What are the prime factors of 198475?
5, 17, 467
List the prime factors of 13199802.
2, 3, 7, 11, 28571
What are the prime factors of 62315?
5, 11, 103
What are the prime factors of 71922?
2, 3, 11987
List the prime factors of 865038.
2, 3, 144173
List the prime factors of 6330.
2, 3, 5, 211
List the prime factors of 1166775.
3, 5, 47, 331
What are the prime factors of 116111?
67, 1733
List the prime factors of 708180.
2, 3, 5, 11, 29, 37
List the prime factors of 3834265.
5, 17, 79, 571
List the prime factors of 133975.
5, 23, 233
List the prime factors of 1791855.
3, 5, 13, 1021
List the prime factors of 654976.
2, 7, 17, 43
What are the prime factors of 201230?
2, 5, 20123
What are the prime factors of 16419134?
2, 293, 28019
What are the prime factors of 917814?
2, 3, 19, 83, 97
What are the prime factors of 201721?
13, 59, 263
List the prime factors of 61716.
2, 3, 37, 139
What are the prime factors of 1759925?
5, 17, 41, 101
What are the prime factors of 784126?
2, 7, 56009
What are the prime factors of 16541148?
2, 3, 13, 106033
What are the prime factors of 4616534?
2, 13, 353, 503
List the prime factors of 778633.
778633
What are the prime factors of 609468?
2, 3, 50789
What are the prime factors of 857870?
2, 5, 13, 6599
List the prime factors of 1328050.
2, 5, 26561
List the prime factors of 9781601.
23, 103, 4129
List the prime factors of 405548.
2, 11, 13, 709
What are the prime factors of 797465?
5, 349, 457
What are the prime factors of 132660?
2, 3, 5, 11, 67
List the prime factors of 1447731.
3, 31, 5189
What are the prime factors of 12747919?
389, 32771
What are the prime factors of 7739232?
2, 3, 19, 4243
What are the prime factors of 719009?
719009
What are the prime factors of 4249417?
4249417
What are the prime factors of 13236243?
3, 4412081
List the prime factors of 16612229.
16612229
What are the prime factors of 16826827?
16826827
List the prime factors of 1171273.
31, 37783
List the prime factors of 3328007.
3328007
List the prime factors of 5629867.
5629867
What are the prime factors of 80645?
5, 127
List the prime factors of 19319293.
7, 17, 31, 5237
List the prime factors of 4744243.
7, 19, 35671
List the prime factors of 10247890.
2, 5, 37, 27697
List the prime factors of 197248.
2, 23, 67
What are the prime factors of 49694?
2, 24847
What are the prime factors of 7460370?
2, 3, 5, 27631
What are the prime factors of 1550227?
7, 221461
What are the prime factors of 2695155?
3, 5, 353, 509
List the prime factors of 4533.
3, 1511
List the prime factors of 14462760.
2, 3, 5, 13, 73, 127
List the prime factors of 11061199.
11061199
List the prime factors of 2625978.
2, 3, 269, 1627
List the prime factors of 3469015.
5, 11, 63073
What are the prime factors of 1745968?
2, 7, 17, 131
What are the prime factors of 467901?
3, 7, 1061
What are the prime factors of 3638980?
2, 5, 53, 3433
List the prime factors of 630815.
5, 79, 1597
List the prime factors of 15414654.
2, 3, 2569109
What are the prime factors of 1090227?
3, 17, 21377
List the prime factors of 7557137.
7, 443, 2437
List the prime factors of 5502527.
5502527
List the prime factors of 99998.
2, 49999
List the prime factors of 13462801.
11, 41, 29851
What are the prime factors of 288229?
43, 6703
List the prime factors of 15019.
23, 653
What are the prime factors of 6491362?
2, 67, 193, 251
List the prime factors of 14525.
5, 7, 83
What are the prime factors of 233946?
2, 3, 41, 317
List the prime factors of 136442.
2, 17, 4013
What are the prime factors of 385762?
2, 13, 37, 401
List the prime factors of 251355.
3, 5, 13, 1289
List the prime factors of 25355.
5, 11, 461
List the prime factors of 1665198.
2, 3, 19, 541
List the prime factors of 260042.
2, 130021
What are the prime factors of 263638?
2, 193, 683
List the prime factors of 14937724.
2, 19, 196549
List the prime factors of 1000628.
2, 37, 6761
List the prime factors of 1657351.
19, 4591
What are the prime factors of 1121591?
139, 8069
List the prime factors of 3197864.
2, 61, 6553
What are the prime factors of 541134?
2, 3, 11, 911
List the prime factors of 1565444.
2, 229, 1709
What are the prime factors of 166121?
283, 587
List the prime factors of 3996224.
2, 17, 3673
What are the prime factors of 212658?
2, 3, 23, 67
List the prime factors of 8453809.
7, 13, 92899
List the prime factors of 190181.
190181
List the prime factors of 29860.
2, 5, 1493
List the prime factors of 130773.
3, 43591
What are the prime factors of 1778497?
7, 254071
What are the prime factors of 1088711?
13, 83, 1009
What are the prime factors of 4620167?
41, 112687
List the prime factors of 24716145.
3, 5, 23, 31, 2311
List the prime factors of 11257247.
17, 31, 41, 521
List the prime factors of 57015.
3, 5, 7, 181
List the prime factors of 662644.
2, 19, 8719
What are the prime factors of 858603?
3, 29, 71, 139
List the prime factors of 110685.
3, 5, 47, 157
List the prime factors of 1271396.
2, 7, 17, 2671
List the prime factors of 10568280.
2, 3, 5, 88069
List the prime factors of 6103608.
2, 3, 7, 47, 773
List the prime factors of 10601107.
11, 19, 50723
What are the prime factors of 3668698?
2, 11, 37, 4507
What are the prime factors of 20807888?
2, 19, 68447
List the prime factors of 12854433.
3, 4284811
List the prime factors of 13057741.
523, 24967
What are the prime factors of 7204507?
7204507
List the prime factors of 8558924.
2, 11, 194521
List the prime factors of 1099032.
2, 3, 11, 23, 181
List the prime factors of 1358363.
1358363
What are the prime factors of 1306102?
2, 7, 29, 3217
What are the prime factors of 887539?
739, 1201
List the prime factors of 732361.
7, 104623
List the prime factors of 185164.
2, 7, 17, 389
List the prime factors of 1795729.
13, 47, 2939
What are the prime factors of 14056241?
14056241
What are the prime factors of 17151790?
2, 5, 23, 74573
What are the prime factors of 424807?
181, 2347
List the prime factors of 2704002.
2, 3, 7, 64381
What are the prime factors of 2228307?
3, 151, 4919
What are the prime factors of 732862?
2, 13, 71, 397
What are the prime factors of 10027?
37, 271
List the prime factors of 376732.
2, 19, 4957
What are the prime factors of 232212?
2, 3, 37, 523
What are the prime factors of 28806712?
2, 11, 29759
What are the prime factors of 691505?
5, 19, 29, 251
List the prime factors of 472496.
2, 29531
List the prime f